{"id":344,"date":"2016-12-12T10:19:56","date_gmt":"2016-12-12T10:19:56","guid":{"rendered":"http:\/\/localhost\/buildpro\/?page_id=344"},"modified":"2020-08-28T15:30:16","modified_gmt":"2020-08-28T13:30:16","slug":"home-1","status":"publish","type":"page","link":"https:\/\/prada-bau.com\/","title":{"rendered":"Home"},"content":{"rendered":"<div class=\"wpb-content-wrapper\"><p>[vc_row fullheight=&#8220;true&#8220; parallax_bg=&#8220;true&#8220; parallax=&#8220;&#8220; css=&#8220;.vc_custom_1598598856393{background-image: url(http:\/\/prada-bau.com\/wp-content\/uploads\/2020\/08\/PRADABAU_SLIDE_007-scaled.jpg?id=1585) !important;}&#8220;][vc_column]\n\t\t<div class=\"center-y fadeScroll text-center relative text-light\" data-scroll-speed=\"1\">\n        <div class=\"container\">\n            <div class=\"row\">\n                <div class=\"col-md-8 col-md-offset-2\">\n                    <div class=\"spacer-double\"><\/div>\n                                        <h1 class=\"big wow fadeInUp\" data-wow-delay=\".5s\">IT'S YOUR DREAM IT'S YOUR LIFE<\/h1>\n                    <br>\n                                                            <div class=\"h2_title wow fadeInUp\" data-wow-delay=\".8s\">\n                        <div class=\"text-slider id-color\">\n                        \t                            <span class=\"text-item\">PLANEN<\/span>\n                                                        <span class=\"text-item\">BAUEN<\/span>\n                                                        <span class=\"text-item\">LEBEN<\/span>\n                                                    <\/div>\n                    <\/div>\n                    <div class=\"wow fadeInUp font13\" data-wow-delay=\"1.1s\">\n                        Die PRADA BAU GmbH besch\u00e4ftigt sich rund um die Immobilie, insbesondere als Bautr\u00e4ger und General\u00fcbernehmer mit dem Bau von Einfamilien-, Doppel- und Mehrfamilienh\u00e4usern.                    <\/div>\n\n                <\/div>\n            <\/div>\n        <\/div>\n    <\/div>\n    \n        <a href=\"#section-about\" class=\"scroll-to\">\n        <span class=\"mouse fadeScroll relative\" data-scroll-speed=\"2\">\n            <span class=\"scroll\"><\/span>\n        <\/span>\n    <\/a>\n        \t\n[\/vc_column][\/vc_row][vc_row el_class=&#8220;bg-color&#8220; css=&#8220;.vc_custom_1481537983380{padding-top: 20px !important;padding-bottom: 20px !important;}&#8220;][vc_column]\n\t<div class=\"row call-to-action \">\n\t\t<div class=\"col-md-8\">\n\t        <h3 class=\"mt10\">Sie wollen mit uns Ihr Traumhaus bauen?<\/h3>\n\t    <\/div>\n\t    <div class=\"col-md-4 text-right\">\n\t    \t<a class=\"btn btn-line-black btn-fx\" href=\"http:\/\/prada-bau.com\/kontakt\/\" target=\"_self\">KONTAKT<\/a>\t    <\/div>\n    <\/div>\n\n[\/vc_column][\/vc_row][vc_row equal_height=&#8220;yes&#8220; content_placement=&#8220;middle&#8220; fullwidth=&#8220;yes&#8220; css=&#8220;.vc_custom_1481703350806{padding-top: 0px !important;padding-bottom: 0px !important;}&#8220; el_id=&#8220;section-about&#8220;][vc_column css=&#8220;.vc_custom_1598598610018{background-image: url(http:\/\/prada-bau.com\/wp-content\/uploads\/2020\/07\/Pradabau_0086-1.jpg?id=1479) !important;background-position: center !important;background-repeat: no-repeat !important;background-size: cover !important;}&#8220; offset=&#8220;vc_col-md-4&#8243;][vc_column_text css=&#8220;.vc_custom_1481538533551{padding: 80px !important;}&#8220;][\/vc_column_text][\/vc_column][vc_column offset=&#8220;vc_col-md-4&#8243; css=&#8220;.vc_custom_1481614052502{padding-top: 0px !important;background-color: #f6f6f6 !important;}&#8220;][vc_column_text el_class=&#8220;padding60&#8243;]<\/p>\n<h2>BAUEN\u00a0<span class=\"tiny-border\">x<\/span><\/h2>\n<p>Wir wollen lukratives Wohnerleben schaffen mit einer gehobenen Ausstattung und alles zu einem wirklich akzeptablen Preis. Wir\u00a0besch\u00e4ftigen uns rund um die Immobilie, insbesondere als Bautr\u00e4ger und General\u00fcbernehmer mit dem Bau von Einfamilien-, Doppel- und Mehrfamilienh\u00e4usern.[\/vc_column_text][\/vc_column][vc_column css=&#8220;.vc_custom_1598598676569{background-image: url(http:\/\/prada-bau.com\/wp-content\/uploads\/2020\/07\/Pradabau_0085-1.jpg?id=1478) !important;background-position: center !important;background-repeat: no-repeat !important;background-size: cover !important;}&#8220; offset=&#8220;vc_col-md-4&#8243;][vc_column_text css=&#8220;.vc_custom_1481538561107{padding: 80px !important;}&#8220;][\/vc_column_text][\/vc_column][\/vc_row][vc_row equal_height=&#8220;yes&#8220; content_placement=&#8220;middle&#8220; fullwidth=&#8220;yes&#8220; css=&#8220;.vc_custom_1481538575006{padding-top: 0px !important;padding-bottom: 0px !important;}&#8220;][vc_column offset=&#8220;vc_col-md-4&#8243; css=&#8220;.vc_custom_1481614055867{padding-top: 0px !important;background-color: #f6f6f6 !important;}&#8220;][vc_column_text el_class=&#8220;padding60&#8243;]<\/p>\n<h2>PLANEN\u00a0<span class=\"tiny-border\">x<\/span><\/h2>\n<p><strong>Wir bauen nicht nur Ihr Haus, sondern Ihr Zuhause<\/strong><\/p>\n<p>Die W\u00fcnsche unserer Kunden sind ganz individuell \u2013 und so sind auch die H\u00e4user unserer Bauherren.[\/vc_column_text][\/vc_column][vc_column offset=&#8220;vc_col-md-4&#8243; css=&#8220;.vc_custom_1598598651134{background-image: url(http:\/\/prada-bau.com\/wp-content\/uploads\/2020\/07\/Pradabau_0084.jpg?id=1474) !important;background-position: center !important;background-repeat: no-repeat !important;background-size: cover !important;}&#8220;][vc_column_text css=&#8220;.vc_custom_1481538561107{padding: 80px !important;}&#8220;][\/vc_column_text][\/vc_column][vc_column offset=&#8220;vc_col-md-4&#8243; css=&#8220;.vc_custom_1481614059637{padding-top: 0px !important;background-color: #f6f6f6 !important;}&#8220;][vc_column_text el_class=&#8220;padding60&#8243;]<\/p>\n<h2>LEBEN\u00a0<span class=\"tiny-border\">x<\/span><\/h2>\n<p>Wir wollen lukratives Wohnerleben schaffen mit einer gehobenen Ausstattung und alles zu einem wirklich akzeptablen Preis.[\/vc_column_text][\/vc_column][\/vc_row][vc_row parallax_bg=&#8220;true&#8220; css=&#8220;.vc_custom_1598598696621{background-image: url(http:\/\/prada-bau.com\/wp-content\/uploads\/2016\/12\/bg-21-1.jpg?id=402) !important;}&#8220;][vc_column][vc_column_text css=&#8220;.vc_custom_1567926098958{margin-bottom: 60px !important;}&#8220;]<\/p>\n<h2><span style=\"color: #ffffff;\">Warum wir\u00a0<span class=\"tiny-border\">x<\/span><\/span><\/h2>\n<p>[\/vc_column_text][\/vc_column][vc_column offset=&#8220;vc_col-md-4&#8243;]\n\t\t<div class=\"feature-box-small-icon text-light\">\n        <span class=\"icon\">\n        \t<i class=\"icon_check id-color\"><\/i>\n        <\/span>\n        <div class=\"text\">\n            <h3>Qualit\u00e4t<\/h3>\n            <\/p>\n<p>&nbsp;<\/p>\n<p>        <\/div>\n    <\/div>\n    \n[vc_empty_space height=&#8220;30px&#8220;]\n\t\t<div class=\"feature-box-small-icon text-light\">\n        <span class=\"icon\">\n        \t<i class=\"icon_check id-color\"><\/i>\n        <\/span>\n        <div class=\"text\">\n            <h3>Modern<\/h3>\n            <\/p>\n<p>&nbsp;<\/p>\n<p>        <\/div>\n    <\/div>\n    \n[\/vc_column][vc_column offset=&#8220;vc_col-md-4&#8243;]\n\t\t<div class=\"feature-box-small-icon text-light\">\n        <span class=\"icon\">\n        \t<i class=\"icon_check id-color\"><\/i>\n        <\/span>\n        <div class=\"text\">\n            <h3>Stilvoll<\/h3>\n            <\/p>\n<p>&nbsp;<\/p>\n<p>        <\/div>\n    <\/div>\n    \n[vc_empty_space height=&#8220;30px&#8220;]\n\t\t<div class=\"feature-box-small-icon text-light\">\n        <span class=\"icon\">\n        \t<i class=\"icon_check id-color\"><\/i>\n        <\/span>\n        <div class=\"text\">\n            <h3>Dynamisch<\/h3>\n            <\/p>\n<p>&nbsp;<\/p>\n<p>        <\/div>\n    <\/div>\n    \n[\/vc_column][vc_column offset=&#8220;vc_col-md-4&#8243;]\n\t\t<div class=\"feature-box-small-icon text-light\">\n        <span class=\"icon\">\n        \t<i class=\"icon_check id-color\"><\/i>\n        <\/span>\n        <div class=\"text\">\n            <h3>Kundenorientiert<\/h3>\n            <\/p>\n<p>&nbsp;<\/p>\n<p>        <\/div>\n    <\/div>\n    \n[vc_empty_space height=&#8220;30px&#8220;]\n\t\t<div class=\"feature-box-small-icon text-light\">\n        <span class=\"icon\">\n        \t<i class=\"icon_check id-color\"><\/i>\n        <\/span>\n        <div class=\"text\">\n            <h3>Authentisch<\/h3>\n            <\/p>\n<p>&nbsp;<\/p>\n<p>        <\/div>\n    <\/div>\n    \n[\/vc_column][\/vc_row][vc_row css=&#8220;.vc_custom_1481613842577{padding-top: 60px !important;padding-bottom: 60px !important;}&#8220;][vc_column width=&#8220;1\/3&#8243;]\t\n\t<div class=\"de_count\">\n        <i class=\"icon_clock_alt id-color\" data-animation=\"fadeInDown\" data-delay=\"0\"><\/i>        <h3 class=\"timer\" data-to=\"8350\" data-speed=\"2500\">0<\/h3>\n        <span>Arbeitsstunden<\/span>\n    <\/div>\n  \t\n[\/vc_column][vc_column width=&#8220;1\/3&#8243;]\t\n\t<div class=\"de_count\">\n        <i class=\"icon_documents_alt id-color\" data-animation=\"fadeInDown\" data-delay=\"0\"><\/i>        <h3 class=\"timer\" data-to=\"64\" data-speed=\"2500\">0<\/h3>\n        <span>Projekte<\/span>\n    <\/div>\n  \t\n[\/vc_column][vc_column width=&#8220;1\/3&#8243;]\t\n\t<div class=\"de_count\">\n        <i class=\"fa fa-automobile id-color\" data-animation=\"fadeInDown\" data-delay=\"0\"><\/i>        <h3 class=\"timer\" data-to=\"2487\" data-speed=\"2500\">0<\/h3>\n        <span>Autofahrten<\/span>\n    <\/div>\n  \t\n[\/vc_column][\/vc_row][vc_row equal_height=&#8220;yes&#8220; content_placement=&#8220;middle&#8220; fullwidth=&#8220;yes&#8220; css=&#8220;.vc_custom_1481614324254{padding-top: 0px !important;padding-bottom: 0px !important;}&#8220;][vc_column css=&#8220;.vc_custom_1598621414091{background-image: url(http:\/\/prada-bau.com\/wp-content\/uploads\/2020\/07\/Pradabau_0085-1.jpg?id=1478) !important;background-position: center !important;background-repeat: no-repeat !important;background-size: cover !important;}&#8220; offset=&#8220;vc_col-md-5&#8243;][\/vc_column][vc_column css=&#8220;.vc_custom_1481617283136{background-color: #222222 !important;}&#8220; offset=&#8220;vc_col-md-7&#8243; el_class=&#8220;padd60&#8243;][vc_column_text css=&#8220;.vc_custom_1567926813268{margin-bottom: 30px !important;}&#8220;]<\/p>\n<h2><span style=\"color: #ffffff;\">Unsere Kompetenzen\u00a0<span class=\"tiny-border\">x<\/span><\/span><\/h2>\n<p>[\/vc_column_text]\t\t<div class=\"skill-bar text-light\">\n        <h3>schl\u00fcsselfertige Erstellung von Einfamilienh\u00e4usern, Doppelh\u00e4usern und Eigentumswohnungen<\/h3>\n        <div class=\"de-progress\">\n            <div class=\"progress-bar\" data-value=\"80%\">\n            <\/div>\n        <\/div>\n    <\/div>\n    \t<div class=\"skill-bar text-light\">\n        <h3>General\u00fcbernahme Ihrer Bauma\u00dfnahme<\/h3>\n        <div class=\"de-progress\">\n            <div class=\"progress-bar\" data-value=\"70%\">\n            <\/div>\n        <\/div>\n    <\/div>\n    \t<div class=\"skill-bar text-light\">\n        <h3>Erstellung von Pl\u00e4nen nach Ihren Vorgaben<\/h3>\n        <div class=\"de-progress\">\n            <div class=\"progress-bar\" data-value=\"90%\">\n            <\/div>\n        <\/div>\n    <\/div>\n    \t<div class=\"skill-bar text-light\">\n        <h3>Vergabe von einzelnen Gewerken<\/h3>\n        <div class=\"de-progress\">\n            <div class=\"progress-bar\" data-value=\"60%\">\n            <\/div>\n        <\/div>\n    <\/div>\n    \t<div class=\"skill-bar text-light\">\n        <h3>Vermittlung von Grundst\u00fccke und Immobilien<\/h3>\n        <div class=\"de-progress\">\n            <div class=\"progress-bar\" data-value=\"70%\">\n            <\/div>\n        <\/div>\n    <\/div>\n    \n[\/vc_column][\/vc_row][vc_row][vc_column][vc_column_text css=&#8220;.vc_custom_1567943984130{margin-bottom: 30px !important;}&#8220;]<\/p>\n<h2>Galerie\u00a0<span class=\"tiny-border\">x<\/span><\/h2>\n<p>[\/vc_column_text]\t\n\t\t<div id=\"project-img-carousel\" class=\"row zoom-gallery\">\n\t\t        <div class=\"col-md-3\">\n            <figure class=\"pic-hover\">\n                <a href=\"https:\/\/prada-bau.com\/wp-content\/uploads\/2020\/07\/Pradabau_0070.jpg\">\n                    <span class=\"center-xy\">\n                    \t                        <i class=\"fa fa-search btn-action btn-action-hide\"><\/i>\n                    \t                    <\/span>\n                    <span class=\"bg-overlay\"><\/span>\n                    <img decoding=\"async\" src=\"https:\/\/prada-bau.com\/wp-content\/uploads\/2020\/07\/Pradabau_0070.jpg\" class=\"img-responsive\" alt=\"\">\n                <\/a>\n            <\/figure>\n        <\/div>\n                <div class=\"col-md-3\">\n            <figure class=\"pic-hover\">\n                <a href=\"https:\/\/prada-bau.com\/wp-content\/uploads\/2020\/07\/Pradabau_0077.jpg\">\n                    <span class=\"center-xy\">\n                    \t                        <i class=\"fa fa-search btn-action btn-action-hide\"><\/i>\n                    \t                    <\/span>\n                    <span class=\"bg-overlay\"><\/span>\n                    <img decoding=\"async\" src=\"https:\/\/prada-bau.com\/wp-content\/uploads\/2020\/07\/Pradabau_0077.jpg\" class=\"img-responsive\" alt=\"\">\n                <\/a>\n            <\/figure>\n        <\/div>\n                <div class=\"col-md-3\">\n            <figure class=\"pic-hover\">\n                <a href=\"https:\/\/prada-bau.com\/wp-content\/uploads\/2020\/07\/Pradabau_0040.jpg\">\n                    <span class=\"center-xy\">\n                    \t                        <i class=\"fa fa-search btn-action btn-action-hide\"><\/i>\n                    \t                    <\/span>\n                    <span class=\"bg-overlay\"><\/span>\n                    <img decoding=\"async\" src=\"https:\/\/prada-bau.com\/wp-content\/uploads\/2020\/07\/Pradabau_0040.jpg\" class=\"img-responsive\" alt=\"\">\n                <\/a>\n            <\/figure>\n        <\/div>\n                <div class=\"col-md-3\">\n            <figure class=\"pic-hover\">\n                <a href=\"https:\/\/prada-bau.com\/wp-content\/uploads\/2020\/07\/Pradabau_003.jpg\">\n                    <span class=\"center-xy\">\n                    \t                        <i class=\"fa fa-search btn-action btn-action-hide\"><\/i>\n                    \t                    <\/span>\n                    <span class=\"bg-overlay\"><\/span>\n                    <img decoding=\"async\" src=\"https:\/\/prada-bau.com\/wp-content\/uploads\/2020\/07\/Pradabau_003.jpg\" class=\"img-responsive\" alt=\"\">\n                <\/a>\n            <\/figure>\n        <\/div>\n                <div class=\"col-md-3\">\n            <figure class=\"pic-hover\">\n                <a href=\"https:\/\/prada-bau.com\/wp-content\/uploads\/2020\/07\/Pradabau_007.jpg\">\n                    <span class=\"center-xy\">\n                    \t                        <i class=\"fa fa-search btn-action btn-action-hide\"><\/i>\n                    \t                    <\/span>\n                    <span class=\"bg-overlay\"><\/span>\n                    <img decoding=\"async\" src=\"https:\/\/prada-bau.com\/wp-content\/uploads\/2020\/07\/Pradabau_007.jpg\" class=\"img-responsive\" alt=\"\">\n                <\/a>\n            <\/figure>\n        <\/div>\n                <div class=\"col-md-3\">\n            <figure class=\"pic-hover\">\n                <a href=\"https:\/\/prada-bau.com\/wp-content\/uploads\/2020\/07\/Pradabau_0030.jpg\">\n                    <span class=\"center-xy\">\n                    \t                        <i class=\"fa fa-search btn-action btn-action-hide\"><\/i>\n                    \t                    <\/span>\n                    <span class=\"bg-overlay\"><\/span>\n                    <img decoding=\"async\" src=\"https:\/\/prada-bau.com\/wp-content\/uploads\/2020\/07\/Pradabau_0030.jpg\" class=\"img-responsive\" alt=\"\">\n                <\/a>\n            <\/figure>\n        <\/div>\n                <div class=\"col-md-3\">\n            <figure class=\"pic-hover\">\n                <a href=\"https:\/\/prada-bau.com\/wp-content\/uploads\/2020\/07\/Pradabau_0034.jpg\">\n                    <span class=\"center-xy\">\n                    \t                        <i class=\"fa fa-search btn-action btn-action-hide\"><\/i>\n                    \t                    <\/span>\n                    <span class=\"bg-overlay\"><\/span>\n                    <img decoding=\"async\" src=\"https:\/\/prada-bau.com\/wp-content\/uploads\/2020\/07\/Pradabau_0034.jpg\" class=\"img-responsive\" alt=\"\">\n                <\/a>\n            <\/figure>\n        <\/div>\n                <div class=\"col-md-3\">\n            <figure class=\"pic-hover\">\n                <a href=\"https:\/\/prada-bau.com\/wp-content\/uploads\/2020\/07\/Pradabau_0045.jpg\">\n                    <span class=\"center-xy\">\n                    \t                        <i class=\"fa fa-search btn-action btn-action-hide\"><\/i>\n                    \t                    <\/span>\n                    <span class=\"bg-overlay\"><\/span>\n                    <img decoding=\"async\" src=\"https:\/\/prada-bau.com\/wp-content\/uploads\/2020\/07\/Pradabau_0045.jpg\" class=\"img-responsive\" alt=\"\">\n                <\/a>\n            <\/figure>\n        <\/div>\n            <\/div>\n\n      \t\n[vc_column_text]<\/p>\n<h2 style=\"text-align: center;\"><a href=\"http:\/\/prada-bau.com\/?page_id=200\"><strong>Mehr Referenzen &#8230;.<\/strong><\/a><\/h2>\n<p>[\/vc_column_text][\/vc_column][\/vc_row]<\/p>\n<\/div>","protected":false},"excerpt":{"rendered":"<p>[vc_row fullheight=&#8220;true&#8220; parallax_bg=&#8220;true&#8220; parallax=&#8220;&#8220; css=&#8220;.vc_custom_1598598856393{background-image: url(http:\/\/prada-bau.com\/wp-content\/uploads\/2020\/08\/PRADABAU_SLIDE_007-scaled.jpg?id=1585) !important;}&#8220;][vc_column][\/vc_column][\/vc_row][vc_row el_class=&#8220;bg-color&#8220; css=&#8220;.vc_custom_1481537983380{padding-top: 20px !important;padding-bottom: 20px !important;}&#8220;][vc_column][\/vc_column][\/vc_row][vc_row equal_height=&#8220;yes&#8220; content_placement=&#8220;middle&#8220; fullwidth=&#8220;yes&#8220; css=&#8220;.vc_custom_1481703350806{padding-top: 0px !important;padding-bottom: 0px !important;}&#8220; el_id=&#8220;section-about&#8220;][vc_column css=&#8220;.vc_custom_1598598610018{background-image: url(http:\/\/prada-bau.com\/wp-content\/uploads\/2020\/07\/Pradabau_0086-1.jpg?id=1479) !important;background-position: center !important;background-repeat: no-repeat !important;background-size: cover !important;}&#8220; offset=&#8220;vc_col-md-4&#8243;][vc_column_text css=&#8220;.vc_custom_1481538533551{padding: 80px !important;}&#8220;][\/vc_column_text][\/vc_column][vc_column offset=&#8220;vc_col-md-4&#8243; css=&#8220;.vc_custom_1481614052502{padding-top: 0px !important;background-color: #f6f6f6 !important;}&#8220;][vc_column_text el_class=&#8220;padding60&#8243;] BAUEN\u00a0x Wir wollen lukratives Wohnerleben schaffen mit einer gehobenen Ausstattung und alles zu [&hellip;]<\/p>\n","protected":false},"author":1,"featured_media":0,"parent":0,"menu_order":0,"comment_status":"closed","ping_status":"closed","template":"page-templates\/template-canvas.php","meta":{"footnotes":""},"class_list":["post-344","page","type-page","status-publish","hentry"],"_links":{"self":[{"href":"https:\/\/prada-bau.com\/index.php?rest_route=\/wp\/v2\/pages\/344","targetHints":{"allow":["GET"]}}],"collection":[{"href":"https:\/\/prada-bau.com\/index.php?rest_route=\/wp\/v2\/pages"}],"about":[{"href":"https:\/\/prada-bau.com\/index.php?rest_route=\/wp\/v2\/types\/page"}],"author":[{"embeddable":true,"href":"https:\/\/prada-bau.com\/index.php?rest_route=\/wp\/v2\/users\/1"}],"replies":[{"embeddable":true,"href":"https:\/\/prada-bau.com\/index.php?rest_route=%2Fwp%2Fv2%2Fcomments&post=344"}],"version-history":[{"count":79,"href":"https:\/\/prada-bau.com\/index.php?rest_route=\/wp\/v2\/pages\/344\/revisions"}],"predecessor-version":[{"id":1721,"href":"https:\/\/prada-bau.com\/index.php?rest_route=\/wp\/v2\/pages\/344\/revisions\/1721"}],"wp:attachment":[{"href":"https:\/\/prada-bau.com\/index.php?rest_route=%2Fwp%2Fv2%2Fmedia&parent=344"}],"curies":[{"name":"wp","href":"https:\/\/api.w.org\/{rel}","templated":true}]}}